m + 190, 4*h + o*m - 820 = 0. What is the greatest common factor of 42 and h?
42
Let i = 14 + -6. Suppose -g + i = g. Suppose 0 = g*p - 7 - 17. Calculate the greatest common divisor of 2 and p.
2
Let h(j) = 48*j + 163. Let a be h(4). Calculate the highest common divisor of 568 and a.
71
Let r be ((-5)/10*9)/(3/(-4)). Suppose -d + 5 + 0 = 0. Suppose 100 = d*c - 170. What is the greatest common divisor of c and r?
6
Let w(h) = 4*h**2 + 7*h - 1. Let t be w(-3). What is the highest common factor of 497 and t?
7
Let d(m) = 2*m**3 - 4*m + 5. Let k be d(3). Let c = -8 + k. What is the highest common factor of c and 13?
13
Let g(p) = 24*p**3. Let r be g(1). Let w = 123 - -54. Suppose q + 252 = 3*f + 71, -3*f - 3*q = -w. What is the highest common factor of f and r?
12
Suppose 8*s - 28 = s. Let j(a) = a**3 - 2*a**2 - 3*a - 1. Let v be j(s). Calculate the highest common divisor of 76 and v.
19
Suppose 3*v - v - 6 = 0. Suppose -3*m = 4*f - 112, 5*f + 0*m + m - 129 = 0. Let n = f + -24. What is the greatest common factor of v and n?
1
Let s(g) = 19*g**2 + 29*g - 29. Let u be s(1). What is the greatest common factor of 361 and u?
19
Suppose -71 = -b + 199. Let g(j) = -j + 30. Let v be g(0). What is the highest common factor of b and v?
30
Suppose 0 = 4*h + m - 30, 2*h = -0*h - 2*m + 12. Suppose 0*u - h = -u. Let b be ((-15)/6)/((-2)/u). Calculate the greatest common divisor of 50 and b.
10
Let h = 28 + 9. Suppose 2*o = 3*o - h. Suppose -s = 2*j - 11, -2*s - 2*j = -j - o. What is the greatest common factor of s and 7?
7
Suppose -7*p - 78 = 125. Let v be (p - -31) + (1 - (-7 - -1)). What is the greatest common divisor of v and 1?
1
Let n = 125 - 122. Suppose -n*y - 3 = -6*y. Calculate the greatest common factor of y and 3.
1
Suppose q + q - 8 = 0. Let m be (-51)/(-85) - (-2 - (-51)/(-15)). Let u be (-3)/m*(-82 + q). Calculate the greatest common divisor of u and 26.
13
Suppose 0 = -25*t - 17*t + 168. What is the greatest common divisor of t and 32?
4
Let d = -103 + 139. Let q = 242 + -152. What is the greatest common divisor of d and q?
18
Let v(z) = z**2 - 16*z + 41. Let c be v(14). Let s(l) = -l**2 + 18*l + 19. Let k be s(c). What is the greatest common divisor of 12 and k?
12
Let z be 24 - (1 + 0) - 1. Let b = 13 - -6. Let u = b - 8. Calculate the greatest common divisor of z and u.
11
Let u be -10 + 1 + -12 + 106. Suppose 3*t + 73 = 5*a, -2*t = 2*a - 0*t - 42. What is the highest common divisor of a and u?
17
Suppose 10 = 5*t - 0. Suppose 0 = -t*m + 5 - 9. Let g be ((-48)/(-28))/(m/(-21)). What is the greatest common divisor of g and 162?
18
Let x be (-86)/(-11) + (-12)/(-66). Let n = 51 + 5. Calculate the highest common divisor of x and n.
8
Suppose 0 = 2*q + 4*m - 24, -4*q + 5*m = -91 + 4. Suppose -3*p + 10 = 2*p. What is the greatest common factor of p and q?
2
Let s(i) = -i**2 + 8*i - 21. Let p be s(-15). Let q = -102 - p. What is the greatest common divisor of q and 33?
33
Let f(h) = -3*h + 67. Let u be f(19). Calculate the highest common divisor of u and 55.
5
Let d = 1792 + -608. What is the greatest common factor of 16 and d?
16
Let r(i) = -10*i + 676. Let s be r(0). What is the greatest common factor of 104 and s?
52
Suppose y + 174 = 5*w - 2*y, -4*y = 4*w - 152. Let i = 1340 - 1331. What is the greatest common factor of i and w?
9
Let p(g) be the second derivative of -4*g**3/3 + 7*g**2 + 8*g. Let t be p(-7). Let k = 5 + 5. Calculate the highest common divisor of t and k.
10
Let f be 610*(-24)/(-80)*12. What is the greatest common factor of 36 and f?
36
Let w = 51 - 46. Suppose 0*k + w*p - 138 = -k, -3*p + 3 = 0. Calculate the highest common divisor of k and 7.
7
Let l = 95 + 45. Let w(b) = -15*b**3 + 3*b + 2. Let r be w(-1). Calculate the highest common factor of r and l.
14
Suppose o = 3*q + 4, o - 2*q - 3 = -0. Let n be (2 + -1)*o/1. Suppose -191 = -4*p - 147. What is the greatest common factor of p and n?
1
Let p = 1993 - 1969. Suppose -4*h + 224 = -0*h. What is the greatest common factor of h and p?
8
Suppose -3*t - 21*n + 16*n + 71 = 0, 3*n = -15. What is the highest common factor of t and 28?
4
Let t(z) = 5*z**2 - 4*z - 15. Let u(w) = -w - 3. Let v be u(1). Let c be t(v). What is the greatest common factor of c and 18?
9
Let y(f) = f**3 + 14*f**2 + 12*f - 10. Let o be y(-13). Suppose -1 = -o*q + 8. Suppose -5*j = -q*j - 120. What is the greatest common factor of 90 and j?
30
Let o be -81 + 864 - (0/(-2) + 0). Calculate the highest common divisor of o and 27.
27
Let w = 1020 - -24. Calculate the highest common divisor of w and 36.
36
Let g be (-2)/7 - (-47)/(-7). Let w = 5 - g. Let f(p) = -2*p + 96. Let n be f(0). What is the greatest common divisor of n and w?
12
Let y = 4 + -74. Let h = 126 + y. Suppose 0 = -0*w - 3*w - v + 24, 3*w - v = 18. What is the greatest common factor of h and w?
7
Suppose 11*t = 5720 - 2420. What is the greatest common factor of 40 and t?
20
Suppose -y = 3*u - 41 - 4, 49 = y - u. Suppose 4*p - y = -3*t, -2*t - p + 16 = -11. Calculate the greatest common divisor of 60 and t.
12
Let o = -313 - -318. What is the greatest common divisor of 1 and o?
1
Suppose 0 = -d + 5, -3*h - d - 3*d + 38 = 0. Let v be (h/4)/3*32. What is the highest common divisor of 176 and v?
16
Let t be 2/6*(-66)/(-2). Let b be 2/6 + 7440/36. Let h = b - 130. Calculate the greatest common divisor of h and t.
11
Let z(c) = c**3 + 18*c**2 + 16*c - 15. Let x be z(-17). What is the highest common divisor of 11 and x?
1
Let n = 23 - 22. Let l(w) = w. Let d be l(11). Calculate the greatest common factor of d and n.
1
Let o(b) = -b**3 + b**2 - b - 347. Let p be o(0). Let m = 594 + p. What is the greatest common divisor of 13 and m?
13
Let u = -116 + 134. Suppose 0*q - 11 = -q. Suppose x - 4 = 0, -3*a - 4*x + 33 = q. What is the greatest common divisor of a and u?
2
Suppose -75 + 363 = 8*z. Calculate the greatest common divisor of 234 and z.
18
Let s(o) = -o**3 + 2*o**2 + 3*o - 27. Let u be s(-10). What is the greatest common divisor of 127 and u?
127
Let i be 5/(30/1929) - (-48)/32. What is the highest common factor of i and 19?
19
Let a = -74 + 130. Suppose 6 - 38 = -4*f. Calculate the greatest common factor of f and a.
8
Let h be (112/(-6))/(-7)*3/4. Suppose 116 = 2*i - 3*g - 2*g, 0 = h*i - 3*g - 108. What is the highest common factor of 6 and i?
6
Let n be ((7/7)/1)/((-2)/(-224)). Let c = n + -28. Calculate the greatest common factor of 12 and c.
12
Let h(b) = 9*b**2 - 201*b - 2. Let f be h(30). What is the highest common factor of f and 44?
44
Let q(k) = -2*k**2 - 13*k - 12. Let w be q(-4). Let z be 1 - (-8)/2*-41. Let c = -75 - z. What is the greatest common factor of c and w?
8
Suppose 30*s = 17336 + 1984. What is the highest common divisor of s and 168?
28
Suppose 4*u = -8 + 32. Suppose w - k - 3*k = 5, -2*w + u = -4*k. Let b be 7 + -8 + (w - -48). Calculate the highest common factor of b and 6.
6
Suppose -d = -5*z - 7, -4*d + 4*z + 40 = -52. Suppose -4*m - 2*l + 64 = 0, -5*m + 25 + 73 = -2*l. Calculate the greatest common divisor of d and m.
9
Let q be ((-64)/10)/(96/50 - 2). Let x be (-6)/8 + (-5)/q*-1052. What is the greatest common divisor of x and 13?
13
Let d be 42*15*(-10)/(-105). What is the greatest common factor of d and 300?
60
Let p = -573 + 614. What is the highest common factor of 656 and p?
41
Let w(o) = o**2 + o - 2. Let s be w(12). Let l = -36 - -50. Calculate the greatest common divisor of l and s.
14
Let d(u) = 8*u + 23. Let q be d(4). What is the highest common divisor of 10 and q?
5
Suppose 12*x - 3*c = 8*x + 10132, 4*c = -x + 2533. Calculate the greatest common factor of 17 and x.
17
Let y = -1037 - -1666. Calculate the greatest common divisor of y and 17.
17
Let o be 40/50*-5 - 19*-41. Calculate the greatest common factor of o and 31.
31
Suppose 14 = 2*d - 3*k - 0, 34 = 4*d - 3*k. Let j be (5/2)/(4/(24*d)). Calculate the greatest common factor of 100 and j.
50
Let r = -3 + 5. Suppose 0 = -r*m + 5*h + 71 + 129, 3*h + 414 = 4*m. Let t = 4 - -11. Calculate the highest common factor of m and t.
15
Suppose 6*h = 348 - 108. What is the highest common divisor of h and 220?
20
Suppose -167 = -3*z + b, 4*z = -0*b - b + 211. Let a(c) = -c**2 + 21*c + 6. Let o be a(21). Calculate the greatest common divisor of o and z.
6
Suppos